e
Suppose 16*u - 4*u + 420800 = 1382204. Is u a prime number?
False
Let w be -1 + 358 + -5 + (-5)/(-5). Suppose -8*a = -9*a + 2*u + 353, -a + 4*u + w = 0. Is a a prime number?
True
Let h(p) = p**3 + 139*p**2 + 107*p + 1936. Is h(-129) prime?
True
Suppose i = 3 + 1. Suppose -3*u = 5*a - 13052, -2*a + i*u = 2*u - 5224. Suppose 2*g = a + 475. Is g prime?
True
Suppose 13*q - 119 = -249. Is 652 - ((-9)/(-15))/(2/q) composite?
True
Let t = 3476 - 10101. Let y = 19746 + t. Is y composite?
False
Let s(q) = 90*q**2 - 41*q + 9. Let g be s(12). Let o = -4192 + g. Is o a prime number?
False
Suppose 2907832 = 118*m - 23743530. Is m a prime number?
True
Suppose -89297 = -k - 67768 + 114238. Is k composite?
True
Let z(g) = 2367*g**2 - 72*g + 310. Is z(7) composite?
True
Let w = 20719 - -7602. Is w a composite number?
True
Let s(g) = 283*g**2 + 60*g + 316. Is s(-5) a prime number?
False
Let i be (-1)/(((-2)/24*-3)/(-2)). Suppose 7 + i = -3*y, 5*r = 5*y + 1490. Is r a composite number?
False
Let d be 10 - (5/(-8))/(11/(-88)). Suppose 5*b - 2935 = -d*a, 8*b = 10*b. Is a composite?
False
Let g = 67 - 62. Suppose -13237 = -2*v - g*v. Is v a prime number?
False
Let f(l) = 2*l**2 - 5*l + 4. Let h be f(2). Let i(c) = c + 1. Let o be i(h). Suppose 0 = -7*n - o + 24. Is n a composite number?
False
Is (-856460)/(-124) - 12/(-186) - 0/(-2) a prime number?
True
Let t be -29*1*(11 + -10). Let l = t - -32. Suppose 0 = i - l*v - 96, -4*i = -3*i - 2*v - 93. Is i prime?
False
Suppose 3*c = 4*f - 28946, 0*c + 5*c + 4*f = -48222. Let q = -4247 - c. Is q a composite number?
False
Let d(m) = 4*m + 48*m**2 + 165*m**2 - 2*m. Suppose i + 2*i + 3 = 0. Is d(i) composite?
False
Suppose m = -0 + 5. Suppose -18 = -m*c + 2*c. Let j = 1049 + c. Is j a composite number?
True
Is ((-725386480)/(-98))/40 + (-8)/14 prime?
False
Let h = -476239 - -797598. Is h a composite number?
False
Let t = -40 + 43. Let z be (t + -6)/(9/(-12)). Suppose 4*a + 4*i - 1444 = 0, 0*a + z*a - 3*i - 1423 = 0. Is a a prime number?
False
Suppose -6*l + 6 = -6. Suppose -5*t = -l*g - 44, t + 2*g - 13 = g. Let f(o) = 18*o**2 + 8*o + 17. Is f(t) prime?
False
Let c be 13391884/380 + (-2)/(-10). Suppose -13*s = -14145 - c. Is s composite?
True
Suppose 7814 = -2*r - 6472. Let v = r - -17012. Is v composite?
True
Let s(x) = 5677*x**2 + 8*x - 16. Let q be s(4). Let v = q + -62403. Is v a composite number?
True
Let w(u) = 46*u**2 + 8*u + 1. Let k(g) = g**3 - 7*g**2 - 2. Let r be k(7). Let l be 2 + r*(-28)/(-8). Is w(l) composite?
True
Is (-27 + 4)*(-4118 + (0 - 6) + -3) prime?
False
Suppose 0 = 2*z - 5*t + 284, 3*z + 54*t = 49*t - 451. Suppose 6*i = 2*i + 1064. Let m = i - z. Is m composite?
True
Suppose -3*d + 5*y + 873617 = 0, 791176 = 4*d - 3*y - 373654. Is d composite?
False
Suppose -6*a + 9*a + 3 = 0. Let p(i) = -3162*i**3 + 3*i**2 + 2*i. Is p(a) composite?
False
Suppose 3*q - 8453 + 1439 = 0. Suppose l = -4*p + q - 705, 3280 = 2*l + p. Is l a prime number?
False
Suppose 0 = 33*b - 41*b - 88. Is 321 + (9 + b)/((-1)/(-2)) prime?
True
Let b(c) = 0 + 4*c - 8*c**2 + c + 7*c**2 + 4. Let z be b(5). Suppose z*s + 2*h - 209 = 171, -4*h = 3*s - 285. Is s prime?
False
Let y(w) = w**3 - w**2 - 23*w + 64799. Is y(0) composite?
True
Let y be (2/5 + (-14)/10)*-79. Suppose y*m + 16804 = 83*m. Is m prime?
True
Let c = 74 + -118. Let a be c/(-6) - 2/6. Let v(u) = 4*u**3 - u**2 - 4*u - 12. Is v(a) a composite number?
False
Suppose 3*i + 1 - 175 = 0. Suppose 3*u = 2*k + 192, 138 = -0*u + 2*u + 2*k. Suppose u + i = 4*z. Is z prime?
True
Suppose 2*v = -4*r - 14, -2*r - 5*v = -0*v + 19. Is (418/(-22))/(r/2) a composite number?
False
Let f(t) = 806*t**2 + t - 2. Let n be f(2). Suppose 6*g = 30*g + 39672. Let r = n + g. Is r composite?
False
Suppose 4*i - 5*t - 2612 = 580, t = 4*i - 3208. Let n(r) = -79*r - 1. Let w be n(-7). Let u = i - w. Is u prime?
True
Let l be (-28)/(-20)*-521 - (-2)/5. Is (1/5 - l/180)*52 a composite number?
True
Is -6 - (-3)/3 - -15196*8/16 prime?
False
Let i(n) = -n**3 - 2*n**2 - 2*n - 4. Let l be i(-8). Suppose 4*u - 178*x + 176*x = -1090, -5 = x. Let f = u + l. Is f a composite number?
True
Let a(n) = -5*n - 24. Let x be a(-6). Suppose 0 = x*o - 6053 + 1259. Is o prime?
False
Let j = 4 - -16. Suppose j*a - 17*a + 6 = 0. Let g(d) = 123*d**2 + 2*d - 1. Is g(a) prime?
True
Suppose 0 = -k + 3*i - 17, 0*k - i = 4*k + 94. Let u = 28 + k. Suppose -d + 2299 = 3*q, 5*q = -u*d - 0*d + 11515. Is d prime?
False
Suppose -11*c - 65 = -16*c. Suppose 3 + c = 4*l. Suppose -2*i + 3804 = -2*w, 0*i - 5*i = -l*w - 9511. Is i composite?
True
Let p(q) = 12097*q**3 + 10*q**2 - 15*q + 5. Is p(1) composite?
False
Is ((-9)/2)/(-9)*(10 + 228744/2) a prime number?
True
Let y = 7413 - 592. Is y composite?
True
Let h be 4/(-14) + -13 + 1280/70. Let x(m) = 12*m**3 - 3*m**2 - 9*m + 11. Is x(h) composite?
True
Let r(q) = -q + 6. Let b be r(2). Let j be ((-3)/b)/(5/(-20)). Suppose -j*f + 0*f + 885 = 0. Is f a composite number?
True
Let a = -26 + 19. Let w(h) = -4 - 74*h + 11 - 4. Is w(a) a composite number?
False
Let k(z) = z**2 - 4. Let m be k(3). Suppose 2*s + 4771 = m*r, -2*r - 5*s + 635 = -1256. Is r composite?
False
Let w = -168 - -160. Let q(r) = 51*r**2 + 95. Is q(w) a prime number?
True
Let u = -13 + 16. Let v be ((-1)/3)/(u/(-9)). Is ((-39)/v)/(5/10*-2) composite?
True
Let o be (-1092)/(-48) - (-10)/8. Is (o/(-60))/((-6)/21135) a prime number?
True
Let r = 3897 - -152. Is r a prime number?
True
Suppose -3*m + 786301 = 4*b, -b + 524204 = -24*m + 26*m. Is m composite?
False
Suppose 6*i + 141 + 147 = 0. Let s = -52 - i. Let g(y) = -y**3 - y**2 - 4*y + 1. Is g(s) a composite number?
True
Let l(q) = -5*q**2 - 18*q - 19. Let u be l(-2). Is (137671/93)/((-1)/u) a composite number?
False
Let p = 71 - 69. Suppose -8977 = -5*b - p*s, 5*b - 3*s - 10799 = -1827. Is b prime?
False
Let b = -92849 + 201192. Is b a prime number?
True
Let z(t) = -1378*t**3 - 5*t**2 - 13*t - 3. Is z(-2) composite?
False
Let q(v) be the third derivative of -v**6/120 + 23*v**5/60 - 2*v**4 - 9*v**3/2 - 21*v**2. Let r be q(21). Let m = -107 - r. Is m a prime number?
False
Let x(k) = 7*k - 4. Let h be x(1). Suppose 41*y - 43*y = -8. Suppose -p = -h*q + y*q - 1778, -3*q = p - 5326. Is q prime?
False
Let o = -59 - -58. Is (-6)/(-4)*(o - -1895) composite?
True
Let j(w) = w**3 + w + 2. Let n = 3 - 4. Let q be j(n). Suppose -5*u + 650 + 620 = q. Is u prime?
False
Let a(p) = 2*p + 32. Let l = 26 - 39. Let h be a(l). Suppose 0 = 2*b - 2*y - 420, 3*y = 2*b + h*y - 435. Is b composite?
True
Suppose -q - 4*t - 389 = 31, -t + 445 = -q. Let n = q - -1353. Is n composite?
True
Suppose 36*f - 41*f = -105. Suppose -f = 2*q - 29. Suppose 10*y = q*y + 3246. Is y a prime number?
True
Let t(y) = -3*y**3 + 9*y**2 + 15*y - 3. Let h be t(-3). Suppose h*n - 113*n - 6218 = 0. Is n a composite number?
True
Let d(x) = 125*x**3 + 2*x**2 - 28*x + 1. Let n be d(5). Let l = 22899 - n. Is l a prime number?
False
Let k = 17 + -15. Suppose 0 = -2*r + 3*a + 3 - 2, 0 = r - k*a. Suppose 0 = 3*v + 5*q - 4*q - 956, 644 = 2*v + r*q. Is v a composite number?
False
Let q = 738 + -3014. Let x = -1215 - q. Suppose 5*g = -6 + x. Is g prime?
True
Suppose 5*q = -p + 8570, 1003 + 16142 = 2*p + 5*q. Let w = 14924 - p. Is w a prime number?
False
Let w be (-14 - 1)/(-3) - 85. Let u = -75 - w. Suppose -u*o = -s + 2193, s + o - 1725 = 480. Is s a composite number?
False
Suppose -q - 118343 = -c, 1183*c = 1187*c - 2*q - 473372. Is c composite?
False
Suppose 21*m - 5631126 = 1872783. Is m a composite number?
True
Let v(d) = -2871*d**2 - 3*d + 1. Let f be v(1). Let g = f - -4062. Suppose -o - 378 = -2*j, -429 + g = 4*j - o. Is j composite?
False
Let u be (-3)/2*(-43800)/((-48)/(-8)). Suppose 0 = 2*r - 4, 4*r - u = -4*q + 198. Is q prime?
False
Let f = -34 + 35. Let u be f - -3 - 90/10. Is (-2)/u + (-19743)/(-5) prime?
False
Let t(p) = -p**2 + 3*p. Let k be t(2). Let n be 0/k + -3 - -3. Suppose 4*c - 1089 = -5*h + 2*c, 3*h - c - 649 = n. Is h a prime number?
False
Let u(n) = 333*n**2 + 37*n + 531. Is u(-19) a prime number?
True
Suppose 3*c + 2*y + 3*y = -12, -5*c = 3*y + 4. Suppose -4*p = -8*p + 16. Is (p + -5)/(2*c/(-2062)) a composite number?
False
Let q be ((-1)/1)/1*2. Suppose 16 + 100 = -3*l + 4*f, 0 = -4*f + 8. Is (12/l)/(q/6)*